ten millions digit of 17229076?
1
What is the tens digit of 25847839?
3
What is the units digit of 617770980?
0
What is the millions digit of 1935962795?
5
What is the millions digit of 1270679560?
0
What is the thousands digit of 2414308184?
8
What is the hundred millions digit of 6820635125?
8
What is the ten thousands digit of 6840667?
4
What is the millions digit of 269627538?
9
What is the hundred millions digit of 142178872?
1
What is the ten millions digit of 21324314?
2
What is the hundred thousands digit of 69400669?
4
What is the ten thousands digit of 77647885?
4
What is the thousands digit of 631256155?
6
What is the hundred thousands digit of 9651983862?
9
What is the hundred thousands digit of 653544150?
5
What is the ten millions digit of 54365402?
5
What is the hundreds digit of 104284027?
0
What is the hundred thousands digit of 18214324?
2
What is the ten millions digit of 12320869?
1
What is the ten millions digit of 81960897?
8
What is the millions digit of 1204884002?
4
What is the hundreds digit of 214743498?
4
What is the hundreds digit of 115161200?
2
What is the thousands digit of 176273855?
3
What is the hundreds digit of 786230035?
0
What is the millions digit of 1988126878?
8
What is the hundred millions digit of 338970877?
3
What is the ten millions digit of 735808876?
3
What is the millions digit of 5264847857?
4
What is the ten millions digit of 10336294?
1
What is the millions digit of 619054105?
9
What is the ten millions digit of 134664248?
3
What is the hundreds digit of 133899507?
5
What is the units digit of 9874767?
7
What is the hundreds digit of 19593208?
2
What is the hundred thousands digit of 8579809?
5
What is the hundred thousands digit of 388415591?
4
What is the hundred millions digit of 505943602?
5
What is the hundreds digit of 220309031?
0
What is the hundred thousands digit of 168597745?
5
What is the ten thousands digit of 51712353?
1
What is the hundred millions digit of 1276389921?
2
What is the ten thousands digit of 377783363?
8
What is the hundred millions digit of 102989104?
1
What is the ten thousands digit of 216755647?
5
What is the units digit of 73320705?
5
What is the thousands digit of 261979882?
9
What is the units digit of 46701787?
7
What is the millions digit of 1046086747?
6
What is the thousands digit of 86211623?
1
What is the tens digit of 163357355?
5
What is the thousands digit of 31368192?
8
What is the tens digit of 7417828?
2
What is the ten thousands digit of 22413821?
1
What is the thousands digit of 1689552300?
2
What is the units digit of 3086696971?
1
What is the units digit of 38242577?
7
What is the ten millions digit of 673221689?
7
What is the hundreds digit of 195357596?
5
What is the hundreds digit of 9535271?
2
What is the tens digit of 3184878673?
7
What is the millions digit of 3168764599?
8
What is the ten thousands digit of 1426938151?
3
What is the millions digit of 9738070?
9
What is the tens digit of 2935470989?
8
What is the hundred thousands digit of 422797997?
7
What is the ten thousands digit of 1068868291?
6
What is the ten millions digit of 4571744306?
7
What is the hundred thousands digit of 54057483?
0
What is the millions digit of 102114684?
2
What is the hundreds digit of 3528928632?
6
What is the tens digit of 2339863607?
0
What is the millions digit of 58438331?
8
What is the hundred thousands digit of 1216244689?
2
What is the thousands digit of 695916393?
6
What is the hundreds digit of 121452934?
9
What is the ten millions digit of 2701505518?
0
What is the millions digit of 189058739?
9
What is the millions digit of 375449643?
5
What is the hundred millions digit of 145315029?
1
What is the hundred millions digit of 3773652342?
7
What is the thousands digit of 297450988?
0
What is the units digit of 2943859577?
7
What is the millions digit of 22615123?
2
What is the hundreds digit of 10329179?
1
What is the ten millions digit of 297314994?
9
What is the thousands digit of 1051854296?
4
What is the ten millions digit of 1775313772?
7
What is the hundreds digit of 463298866?
8
What is the tens digit of 728695056?
5
What is the thousands digit of 33977702?
7
What is the hundred thousands digit of 204485596?
4
What is the thousands digit of 130533220?
3
What is the ten thousands digit of 52656632?
5
What is the ten millions digit of 43822391?
4
What is the hundreds digit of 495006582?
5
What is the hundreds digit of 18996480?
4
What is the units digit of 5974713249?
9
What is the tens digit of 38483216?
1
What is the millions digit of 192450049?
2
What is the hundreds digit of 60860548?
5
What is the thousands digit of 239445650?
5
What is the millions digit of 99965978?
9
What is the millions digit of 270563548?
0
What is the tens digit of 234073122?
2
What is the ten millions digit of 477071707?
7
What is the hundred millions digit of 270862078?
2
What is the hundred millions digit of 3797180626?
7
What is the tens digit of 95229201?
0
What is the hundred millions digit of 3655349691?
6
What is the tens digit of 3812300384?
8
What is the ten thousands digit of 62602718?
0
What is the units digit of 577266788?
8
What is the hundred thousands digit of 2588012194?
0
What is the ten millions digit of 25628997?
2
What is the hundreds digit of 5461476544?
5
What is the ten millions digit of 34773984?
3
What is the hundred millions digit of 3490669573?
4
What is the billions digit of 3492036773?
3
What is the tens digit of 506827622?
2
What is the hundreds digit of 271683567?
5
What is the thousands digit of 117752061?
2
What is the hundred millions digit of 405138000?
4
What is the ten thousands digit of 1995504418?
0
What is the hundred thousands digit of 30644804?
6
What is the ten thousands digit of 48845697?
4
What is the millions digit of 593189737?
3
What is the ten thousands digit of 2717216024?
1
What is the units digit of 81916002?
2
What is the hundreds digit of 1804427183?
1
What is the ten thousands digit of 55764112?
6
What is the hundreds digit of 426032211?
2
What is the units digit of 698386014?
4
What is the tens digit of 110601?
0
What is the ten thousands digit of 878362810?
6
What is the tens digit of 242995227?
2
What is the units digit of 179364053?
3
What is the hundreds digit of 95899019?
0
What is the thousands digit of 5715347136?
7
What is the thousands digit of 2897211?
7
What is the billions digit of 2679425640?
2
What is the millions digit of 721475645?
1
What is the ten millions digit of 1460865348?
6
What is the hundred thousands digit of 1555571272?
5
What is the millions digit of 5507040209?
7
What is the ten thousands digit of 557870585?
7
What is the thousands digit of 230736015?
6
What is the ten thousands digit of 17108119?
0
What is the tens digit of 194886928?
2
What is the hundred thousands digit of 4733450?
7
What is the thousands digit of 1882558306?
8
What is the ten millions digit of 874476611?
7
What is the units digit of 16801725?
5
What is the thousands digit of 125212018?
2
What is the ten thousands digit of 7058576?
5
What is the millions digit of 39147283?
9
What is the ten thousands digit of 60333478?
3
What is the ten thousands digit of 53872251?
7
What is the millions digit of 508464402?
8
What is the hundreds digit of 206199135?
1
What is the millions digit of 1291453365?
1
What is the millions digit of 177583351?
7
What is the hundred millions digit of 379014587?
3
What is the hundreds digit of 144453461?
4
What is the hundreds digit of 4493481?
4
What is the thousands digit of 4056939812?
9
What is the billions digit of 3293884022?
3
What is the hundred millions digit of 2344359133?
3
What is the ten thousands digit of 874809146?
0
What is the ten thousands digit of 1316176905?
7
What is the units digit of 26327832?
2
What is the thousands digit of 8784359?
4
What is the hundreds digit of 4352198409?
4
What is the hundred millions digit of 4836329177?
8
What is the hundreds digit of 758504778?
7
What is the thousands digit of 861355440?
5
What is the units digit of 17284931?
1
What is the hundred millions digit of 892969077?
8
What is the units digit of 2273793314?
4
What is the ten thousands digit of 63619412?
1
What is the ten thousands digit of 79505916?
0
What is the ten thou